 t(233).
34
Let v(w) = -9*w**2 - 607*w + 18. Calculate v(-64).
2002
Let n(k) = k**2 - 52*k + 324. Determine n(6).
48
Let o(i) = 7*i**3 + 8*i**2 + 57*i + 149. Give o(-3).
-139
Let q(o) = -19*o**2 - 279*o - 280. Give q(-1).
-20
Let j(p) = p**2 - 345*p + 6531. Determine j(20).
31
Let l(z) = 94*z**2 - 1542*z - 1542. What is l(-1)?
94
Let r(t) = -16*t**2 + 3815*t + 817. What is r(239)?
-1334
Let b(x) = 5*x**3 + 186*x**2 + 21*x - 604. Determine b(-37).
-12
Let x(u) = -78*u**2 - 14275*u - 148. Give x(-183).
35
Let i(u) = 3006*u + 18001. Calculate i(-6).
-35
Let r(i) = -13736*i + 18488640. Calculate r(1346).
-16
Let s(d) = -24*d**3 + 279*d**2 + 100*d + 79. Calculate s(12).
-17
Let u(h) = -135*h**3 + 21*h**2 + 15*h + 33. Calculate u(-2).
1167
Let y(b) = -b**3 - 8*b**2 + 62*b + 97. Give y(-10).
-323
Let r(c) = 25*c**3 - 51*c**2 + 272*c + 67. Determine r(5).
3277
Let x(v) = 2*v**2 + 96*v - 2156. Give x(19).
390
Let m(q) = 5*q**2 + 329*q - 45. Calculate m(-65).
-305
Let y(a) = 13535*a + 825628. Calculate y(-61).
-7
Let r(i) = -414*i - 8336. Determine r(-20).
-56
Let s(k) = k**2 + 1172*k - 1566526. What is s(796)?
2
Let d(m) = 3*m**3 + 155*m**2 - 206*m + 321. Calculate d(-53).
3
Let r(w) = -14*w**2 + 640*w - 3851. Calculate r(7).
-57
Let o(c) = c**3 + 314*c**2 + 18728*c + 631. Determine o(-80).
-9
Let r(b) = b**2 + 648*b + 38414. Calculate r(-66).
2
Let a(y) = -556*y + 45457. What is a(81)?
421
Let s(i) = -12*i**2 - 68*i + 7. Give s(-5).
47
Let d(b) = -2*b**2 - 5121*b - 151832. Give d(-30).
-2
Let p(v) = -998*v + 21497. Calculate p(20).
1537
Let i(x) = 131*x**3 + 681*x**2 - 56*x - 301. Give i(-5).
629
Let s(n) = 5*n**3 + 1055*n**2 + 11002*n + 27. Give s(-11).
5
Let l(q) = -952*q + 11329. Calculate l(12).
-95
Let m(a) = -20688*a + 206929. Calculate m(10).
49
Let s(q) = -4*q**3 + 1137*q**2 + 1291*q - 124295. What is s(285)?
-35
Let p(x) = -12356*x + 12456. Determine p(1).
100
Let p(k) = -45087*k**2 + 135240*k + 56. Calculate p(3).
-7
Let g(n) = 59984*n + 4198882. Calculate g(-70).
2
Let t(u) = -2*u**3 + 1036*u**2 + 49461*u - 2811. Give t(562).
-1
Let u(g) = g**2 - 3070*g + 1092854. Determine u(411).
5
Let i(l) = l**2 - 497*l + 15322. Determine i(33).
10
Let g(l) = -l**2 + 2774*l - 1816828. Determine g(1714).
12
Let s(h) = -3*h**3 + 585*h**2 - 26*h + 5053. Calculate s(195).
-17
Let g(c) = 4*c**2 - 375*c - 4772. Give g(107).
899
Let n(z) = -5*z**3 - 275*z**2 - 1676*z + 24. Give n(-7).
-4
Let q(j) = -508*j - 135755. Give q(-266).
-627
Let r(f) = -130498*f - 2087938. Give r(-16).
30
Let n(k) = -4*k**3 + 34*k**2 + 27*k - 76. What is n(9)?
5
Let x(v) = -7535*v - 1815941. Determine x(-241).
-6
Let k(p) = -181*p + 35278. Determine k(208).
-2370
Let h(k) = k**3 + 158*k**2 - 1678*k + 586. Give h(-168).
250
Let m(p) = p**2 + 9188*p + 146883. Determine m(-16).
131
Let t(o) = 47*o**2 + 3*o - 150. Give t(4).
614
Let b(y) = -2*y**2 - 1807*y - 125776. What is b(-76)?
4
Let u(p) = 2*p**3 + 534*p**2 - 3785*p - 30. Calculate u(7).
327
Let p(o) = -31*o**2 + 105*o + 548. What is p(-6)?
-1198
Let r(c) = c**3 + 23*c**2 - 48*c - 2165. Calculate r(-12).
-5
Let a(g) = -65*g - 60. What is a(4)?
-320
Let b(p) = p**3 - 14*p**2 - 4318*p + 72517. Determine b(17).
-22
Let h(g) = g**2 - 818*g + 166870. Give h(429).
-11
Let d(m) = 16630*m - 16483. Determine d(1).
147
Let x(o) = -2*o**2 - 344*o - 8896. What is x(-32)?
64
Let i(l) = 168*l + 2925. Calculate i(-12).
909
Let o(y) = y**3 + 5*y**2 - 51*y - 41. Calculate o(-10).
-31
Let x(f) = f**3 + 47*f**2 - 215*f - 1174. Give x(7).
-33
Let d(t) = t**3 - 48*t**2 + 13701*t - 706547. What is d(51)?
7
Let m(n) = 110*n - 8417. Calculate m(76).
-57
Let z(g) = -g**2 + 23*g + 1386. Calculate z(31).
1138
Let s(i) = i**3 - 111*i**2 + 70*i - 20373. What is s(112)?
11
Let n(t) = -t**2 + 104*t + 7186. What is n(151)?
89
Let g(u) = 193*u**2 + 3658*u + 17. Give g(-19).
188
Let k(n) = -1448*n + 83967. Calculate k(58).
-17
Let a(o) = -594*o + 350. Give a(3).
-1432
Let a(m) = m**3 - 12*m**2 - 78*m + 36. Give a(20).
1676
Let k(j) = -j**3 + 68*j**2 - 302*j + 15977. What is k(67)?
232
Let l(t) = -t**2 - 3798*t - 1020537. What is l(-291)?
0
Let c(l) = 1352988*l + 28412745. Calculate c(-21).
-3
Let h(i) = -933*i - 236996. What is h(-254)?
-14
Let l(d) = -231*d - 15191. Determine l(-65).
-176
Let t(s) = s**2 - 108*s + 3706. What is t(80)?
1466
Let n(v) = -34215*v + 68430. What is n(2)?
0
Let b(j) = j**3 + 38*j**2 + 413*j + 782. Calculate b(-20).
-278
Let s(b) = 2759*b + 593175. Give s(-215).
-10
Let a(f) = -11*f**2 - 12*f + 469. Calculate a(-8).
-139
Let c(o) = -2*o**3 + 91*o**2 + 438*o + 594. Give c(50).
-6
Let o(t) = 5*t**3 + 467*t**2 + 2245*t + 163. Determine o(-5).
-12
Let j(y) = -2707*y - 146115. Calculate j(-54).
63
Let p(a) = a**3 + 6*a**2 + 8*a - 83. Give p(5).
232
Let k(g) = -499*g - 37557. What is k(-76)?
367
Let z(c) = 4416*c + 697723. Give z(-158).
-5
Let r(m) = -72949*m + 2845019. What is r(39)?
8
Let y(k) = -1971*k - 49309. Give y(-25).
-34
Let g(r) = 83*r**2 - 129*r - 411. What is g(-4)?
1433
Let q(f) = 2716*f + 175. Determine q(-1).
-2541
Let z(x) = 7070*x + 148632. Calculate z(-21).
162
Let y(q) = 3*q**3 - 157*q + 401. Determine y(3).
11
Let a(u) = -4*u**3 + 7*u**2 - 24*u - 213. Determine a(-4).
251
Let t(c) = -2*c**3 - 18*c**2 + 4*c + 9. Calculate t(-11).
449
Let r(g) = -g**3 + 641*g**2 - 1309*g + 19806. Determine r(639).
-3
Let h(l) = 5*l**3 + 2181*l**2 - 1739*l + 4015. Determine h(-437).
82
Let i(x) = -x**3 + 66*x**2 + 2272*x + 292. Determine i(91).
19
Let o(a) = -4*a**3 + a**2 + 352*a - 696. What is o(2)?
-20
Let l(y) = y**2 - 5475*y + 81913. Determine l(15).
13
Let o(s) = -s**3 + 2687*s**2 + 18852*s - 48. What is o(-7)?
-6
Let u(i) = -15*i**3 + 292*i**2 - 128*i - 136. What is u(19)?
-41
Let n(a) = a**2 + 400*a + 14985. Determine n(-42).
-51
Let g(l) = l**2 + 4729*l + 33047. Determine g(-7).
-7
Let f(d) = -358*d + 3860. Determine f(13).
-794
Let q(v) = v**2 + 46*v + 249. What is q(-45)?
204
Let g(h) = h**3 + 6*h**2 + 19*h - 22. Calculate g(-3).
-52
Let z(q) = q**3 - 11*q**2 + 1382*q - 10942. Calculate z(8).
-78
Let l(a) = 69789*a - 279171. Determine l(4).
-15
Let w(l) = l**3 + 368*l**2 - 16348*l - 82. Calculate w(40).
-1202
Let p(n) = -15*n - 860. What is p(-42)?
-230
Let x(i) = 141*i - 10173. Give x(76).
543
Let i(l) = -l**3 + 162*l**2 + 65*l - 7789. Calculate i(162).
2741
Let l(m) = 96198*m - 2501070. What is l(26)?
78
Let p(f) = -72*f**2 - 266*f + 833. What is p(3)?
-613
Let v(l) = 2949*l + 26462. Calculate v(-9).
-79
Let o(c) = -3*c**2 - 507*c - 11058. Give o(-153).
-3714
Let t(n) = -883*n**2 + 95354*n + 1073. Calculate t(108).
-7
Let d(h) = 344*h - 2173. Give d(5).
-453
Let w(u) = -6*u**3 + 58*u**2 - 10*u - 4. Calculate w(9).
230
Let c(q) = q**3 + 61*q**2 - 1823*q - 109102. Determine c(-62).
80
Let h(s) = 24*s**3 - 1082*s**2 - 126*s + 9705. Give h(45).
-15
Let q(k) = 2*k**3 + 19*k**2 - 168*k - 1498. Give q(-7).
-77
Let v(t) = 2435*t**2 + 2*t - 20. What is v(0)?
-20
Let q(j) = -987*j - 12822. Give q(-13).
9
Let i(p) = p**2 + 24728*p + 197786. Give i(-8).
26
Let m(h) = 4*h**3 + 65*h**2 + 240*h - 89. Determine m(-10).
11
Let z(k) = -227*k - 1259. Give z(-5).
-124
Let g(d) = -3*d**3 - 54*d**2 - 97*d + 496. What is g(-5)?
6
Let b(h) = -h**3 + 151*h**2 - 274*h - 3539. Calculate b(149).
37
Let f(k) = -k**3 - 39*k**2 + 434*k + 191. Give f(-48).
95
Let u(o) = -3*o**2 + 7766*o + 38866. Determine u(-5).
-39
Let b(g) = -19*g**2 - 3316*g - 19214. Give b(-6).
-2
Let x(m) = -3756*m + 22628. Determine x(6).
92
Let i(x) = 25*x**2 + 345*x - 222. Calculate i(-25).
6778
Let w(o) = 190*o**2 + 3047*o - 24. Determine w(-16).
-136
Let i(x) = 6945*x + 381921. What is i(-55)?
-54
Let c(j) = 6*j**3 - 153*j**2 + 334*j - 100. Determine c(2).
4
Let p(h) = h**3 - 19*h**2 - 314*h - 932. Calculate p(-4).
-44
Let a(s) = -5646*s + 45149. What is a(8)?
-19
Let c(n) = -44*n**2 - 5330*n - 992. What is c(-121)?
-266
Let z(w) = 4*w**3 + 9*w**2 + 923*w + 12635. Calculate z(-13).
-6631
Let k(d) = 907*d**2 + 123*d - 9. Give k(-1).
775
Let l(i) = -4*i**3 - 203*i**2 + 1617*i + 5. What is l(7)?
5
Let s(w) = -129*w - 3776. Give s(-22).
-938
Let g(i) = 465*i**3 - i + 2. Give g(-1).
-462
Let w(r) = 28997*r + 898786. Calculate w(-31).
-121
Let j(q) = q**2 - 22416*q + 89633. What is j(4)?
